{"id":839,"date":"2017-02-20T14:32:57","date_gmt":"2017-02-20T13:32:57","guid":{"rendered":"http:\/\/www.mike-hartung.de\/v2\/?page_id=839"},"modified":"2017-02-20T15:10:26","modified_gmt":"2017-02-20T14:10:26","slug":"seifenblasenmaschine","status":"publish","type":"page","link":"https:\/\/www.mike-hartung.de\/v2\/?page_id=839","title":{"rendered":"Seifenblasenmaschine"},"content":{"rendered":"<div id=\"cnp\">\n<h2 class=\"prod\">Seifenblasenmaschine<\/h2>\n<p class=\"prod\">Diese Maschine ist die L\u00f6sung f\u00fcr alle, die ihrer Vorstellung einen Effekt hinzuf\u00fcgen m\u00f6chten. Die Bedienung ist \u00e4u\u00dferst simpel: Einfach das Seifenblasenfluid einf\u00fcllen und einschalten! Bubbletron erzeugt mit einem leistungsf\u00e4higen Hochgeschwindigkeitsgebl\u00e4se Hunderte von Seifenblasen pro Minute. Dabei kann es die meisten handels\u00fcblichen Seifenfl\u00fcssigkeiten verarbeiten. Diese tragbare und extrem leichte Seifenblasenmaschine verf\u00fcgt \u00fcber ein besonders widerstandsf\u00e4higes Geh\u00e4use und beinhaltet einen Handcontroller f\u00fcr die Funktion Ein\/Aus.Diese Maschine eignet sich hervorragend f\u00fcr <strong>Kindergeburtstage<\/strong>, DJs, Clubs, Bars und kleine bis mittlere B\u00fchnen. (Nat\u00fcrlich ist das Fluid ein Bestandteil der Vermietung)<\/p>\n<p class=\"prod\"><b>Merkmale: <img loading=\"lazy\" decoding=\"async\" data-attachment-id=\"864\" data-permalink=\"https:\/\/www.mike-hartung.de\/v2\/?attachment_id=864\" data-orig-file=\"https:\/\/www.mike-hartung.de\/v2\/wp-content\/uploads\/2017\/02\/5141071_800.jpg\" data-orig-size=\"820,538\" data-comments-opened=\"0\" data-image-meta=\"{&quot;aperture&quot;:&quot;0&quot;,&quot;credit&quot;:&quot;&quot;,&quot;camera&quot;:&quot;&quot;,&quot;caption&quot;:&quot;&quot;,&quot;created_timestamp&quot;:&quot;0&quot;,&quot;copyright&quot;:&quot;&quot;,&quot;focal_length&quot;:&quot;0&quot;,&quot;iso&quot;:&quot;0&quot;,&quot;shutter_speed&quot;:&quot;0&quot;,&quot;title&quot;:&quot;&quot;,&quot;orientation&quot;:&quot;0&quot;}\" data-image-title=\"5141071_800\" data-image-description=\"\" data-image-caption=\"\" data-medium-file=\"https:\/\/www.mike-hartung.de\/v2\/wp-content\/uploads\/2017\/02\/5141071_800-300x197.jpg\" data-large-file=\"https:\/\/www.mike-hartung.de\/v2\/wp-content\/uploads\/2017\/02\/5141071_800.jpg\" class=\"alignnone size-medium wp-image-864\" src=\"http:\/\/www.mike-hartung.de\/v2\/wp-content\/uploads\/2017\/02\/5141071_800-300x197.jpg\" alt=\"\" height=\"197\" width=\"300\" srcset=\"https:\/\/www.mike-hartung.de\/v2\/wp-content\/uploads\/2017\/02\/5141071_800-300x197.jpg 300w, https:\/\/www.mike-hartung.de\/v2\/wp-content\/uploads\/2017\/02\/5141071_800-150x98.jpg 150w, https:\/\/www.mike-hartung.de\/v2\/wp-content\/uploads\/2017\/02\/5141071_800-229x150.jpg 229w, https:\/\/www.mike-hartung.de\/v2\/wp-content\/uploads\/2017\/02\/5141071_800.jpg 820w\" sizes=\"auto, (max-width: 300px) 100vw, 300px\" \/><\/b><b><img loading=\"lazy\" decoding=\"async\" data-attachment-id=\"865\" data-permalink=\"https:\/\/www.mike-hartung.de\/v2\/?attachment_id=865\" data-orig-file=\"https:\/\/www.mike-hartung.de\/v2\/wp-content\/uploads\/2017\/02\/5141081_800.jpg\" data-orig-size=\"800,533\" data-comments-opened=\"0\" data-image-meta=\"{&quot;aperture&quot;:&quot;0&quot;,&quot;credit&quot;:&quot;&quot;,&quot;camera&quot;:&quot;&quot;,&quot;caption&quot;:&quot;&quot;,&quot;created_timestamp&quot;:&quot;0&quot;,&quot;copyright&quot;:&quot;&quot;,&quot;focal_length&quot;:&quot;0&quot;,&quot;iso&quot;:&quot;0&quot;,&quot;shutter_speed&quot;:&quot;0&quot;,&quot;title&quot;:&quot;&quot;,&quot;orientation&quot;:&quot;0&quot;}\" data-image-title=\"5141081_800\" data-image-description=\"\" data-image-caption=\"\" data-medium-file=\"https:\/\/www.mike-hartung.de\/v2\/wp-content\/uploads\/2017\/02\/5141081_800-300x200.jpg\" data-large-file=\"https:\/\/www.mike-hartung.de\/v2\/wp-content\/uploads\/2017\/02\/5141081_800.jpg\" class=\"alignnone size-medium wp-image-865\" src=\"http:\/\/www.mike-hartung.de\/v2\/wp-content\/uploads\/2017\/02\/5141081_800-300x200.jpg\" alt=\"\" height=\"200\" width=\"300\" srcset=\"https:\/\/www.mike-hartung.de\/v2\/wp-content\/uploads\/2017\/02\/5141081_800-300x200.jpg 300w, https:\/\/www.mike-hartung.de\/v2\/wp-content\/uploads\/2017\/02\/5141081_800-150x100.jpg 150w, https:\/\/www.mike-hartung.de\/v2\/wp-content\/uploads\/2017\/02\/5141081_800-225x150.jpg 225w, https:\/\/www.mike-hartung.de\/v2\/wp-content\/uploads\/2017\/02\/5141081_800.jpg 800w\" sizes=\"auto, (max-width: 300px) 100vw, 300px\" \/><\/b><\/p>\n<ul class=\"prod-features\">\n<li>Tragbare, leistungsf\u00e4hige Seifenblasenmaschine erzeugt Hunderte von Seifenblasen pro Minute<\/li>\n<li>Widerstandsf\u00e4higes Plastikgeh\u00e4use mit einfach zu erreichendem Fluidtank<\/li>\n<li>Gro\u00dfes Hochgeschwindigkeitsgebl\u00e4se f\u00fcr schnelles Aufsteigen der Seifenblasen<\/li>\n<li>Ein\/Aus-Schalter auf der R\u00fcckseite des Ger\u00e4tes<\/li>\n<li>Handcontroller (25-ft.\/8-m-Kabel) f\u00fcr die Funktion Ein\/Aus<\/li>\n<li>Trage- und Montagegriff<\/li>\n<li>Funktioniert mit thomann nahezu allen handels\u00fcblichen Seifenblasenfluiden<\/li>\n<li>Leistungsaufnahme: 24 W<\/li>\n<li>Fluidverbrauch: 1 Liter pro 2 Stunden<\/li>\n<li>Schaltnetzteil: AC 120-230V, 50\/60Hz<\/li>\n<li>Ma\u00dfe (L x B x H): 352 x 176 x 209 mm<\/li>\n<li>Gewicht: 2 kg<\/li>\n<\/ul>\n<p>Der Mietpreis betr\u00e4gt f\u00fcr 24 Stunden, 10 Euro<\/p>\n<div>\n<p>Wochenende (Freitag bis Sonntag) 15 Euro<\/p>\n<p>Zuz\u00fcglich Kaution, die bei R\u00fcckgabe \u201ewie Ger\u00e4t empfangen zur\u00fcck gezahlt wird\u201c!<\/p>\n<\/div>\n<\/div>\n","protected":false},"excerpt":{"rendered":"<p>Seifenblasenmaschine Diese Maschine ist die L\u00f6sung f\u00fcr alle, die ihrer Vorstellung einen Effekt hinzuf\u00fcgen m\u00f6chten. Die Bedienung ist \u00e4u\u00dferst simpel: Einfach das Seifenblasenfluid einf\u00fcllen und einschalten! Bubbletron erzeugt mit einem leistungsf\u00e4higen Hochgeschwindigkeitsgebl\u00e4se Hunderte von Seifenblasen pro Minute. Dabei kann es die meisten handels\u00fcblichen Seifenfl\u00fcssigkeiten verarbeiten. Diese tragbare und extrem leichte\u2026<\/p>\n<p class=\"continue-reading-button\"> <a class=\"continue-reading-link\" href=\"https:\/\/www.mike-hartung.de\/v2\/?page_id=839\">Mehr lesen<i class=\"crycon-right-dir\"><\/i><\/a><\/p>\n","protected":false},"author":3,"featured_media":0,"parent":0,"menu_order":0,"comment_status":"closed","ping_status":"closed","template":"","meta":{"_acf_changed":false,"ngg_post_thumbnail":0,"jetpack_post_was_ever_published":false,"footnotes":""},"class_list":["post-839","page","type-page","status-publish","hentry"],"acf":[],"jetpack_shortlink":"https:\/\/wp.me\/P6Tpbo-dx","jetpack-related-posts":[],"jetpack_sharing_enabled":true,"_links":{"self":[{"href":"https:\/\/www.mike-hartung.de\/v2\/index.php?rest_route=\/wp\/v2\/pages\/839","targetHints":{"allow":["GET"]}}],"collection":[{"href":"https:\/\/www.mike-hartung.de\/v2\/index.php?rest_route=\/wp\/v2\/pages"}],"about":[{"href":"https:\/\/www.mike-hartung.de\/v2\/index.php?rest_route=\/wp\/v2\/types\/page"}],"author":[{"embeddable":true,"href":"https:\/\/www.mike-hartung.de\/v2\/index.php?rest_route=\/wp\/v2\/users\/3"}],"replies":[{"embeddable":true,"href":"https:\/\/www.mike-hartung.de\/v2\/index.php?rest_route=%2Fwp%2Fv2%2Fcomments&post=839"}],"version-history":[{"count":5,"href":"https:\/\/www.mike-hartung.de\/v2\/index.php?rest_route=\/wp\/v2\/pages\/839\/revisions"}],"predecessor-version":[{"id":868,"href":"https:\/\/www.mike-hartung.de\/v2\/index.php?rest_route=\/wp\/v2\/pages\/839\/revisions\/868"}],"wp:attachment":[{"href":"https:\/\/www.mike-hartung.de\/v2\/index.php?rest_route=%2Fwp%2Fv2%2Fmedia&parent=839"}],"curies":[{"name":"wp","href":"https:\/\/api.w.org\/{rel}","templated":true}]}}