{"id":7,"date":"2015-10-23T13:00:02","date_gmt":"2015-10-23T11:00:02","guid":{"rendered":"http:\/\/www.mike-hartung.de\/v2\/?page_id=7"},"modified":"2016-01-11T13:58:36","modified_gmt":"2016-01-11T12:58:36","slug":"dj-service","status":"publish","type":"page","link":"https:\/\/www.mike-hartung.de\/v2\/?page_id=7","title":{"rendered":"DJ Harti"},"content":{"rendered":"<h1 style=\"text-align: center;\">DJ-Service f\u00fcr ganz Niedersachsen, Sachsen-Anhalt, Berlin, Hamburg, und mehr<\/h1>\n<h2 style=\"text-align: center;\">DJ f\u00fcr Hochzeit, Geburtstag und Firmenfeier, Weihnachtsfeier, Open Air, Fasching, Mottoparty, Sch\u00fctzen\/Volksfest u.v.m.<\/h2>\n<div class=\"paragraph\">\n<p style=\"text-align: center;\"><i>Wenn Sie gerne zu guter Musik tanzen, weil es dazu entweder einen guten Grund gibt oder weil Sie einfach nur mal wieder eine tolle Party feiern wollen, <\/i><\/p>\n<p style=\"text-align: center;\"><i>dann sind Sie bei mir goldrichtig! <\/i><\/p>\n<\/div>\n","protected":false},"excerpt":{"rendered":"<p>DJ-Service f\u00fcr ganz Niedersachsen, Sachsen-Anhalt, Berlin, Hamburg, und mehr DJ f\u00fcr Hochzeit, Geburtstag und Firmenfeier, Weihnachtsfeier, Open Air, Fasching, Mottoparty, Sch\u00fctzen\/Volksfest u.v.m. Wenn Sie gerne zu guter Musik tanzen, weil es dazu entweder einen guten Grund gibt oder weil Sie einfach nur mal wieder eine tolle Party feiern wollen, dann\u2026<\/p>\n<p class=\"continue-reading-button\"> <a class=\"continue-reading-link\" href=\"https:\/\/www.mike-hartung.de\/v2\/?page_id=7\">Mehr lesen<i class=\"crycon-right-dir\"><\/i><\/a><\/p>\n","protected":false},"author":3,"featured_media":0,"parent":0,"menu_order":10,"comment_status":"closed","ping_status":"closed","template":"templates\/template-onecolumn.php","meta":{"_acf_changed":false,"ngg_post_thumbnail":0,"jetpack_post_was_ever_published":false,"footnotes":""},"class_list":["post-7","page","type-page","status-publish","hentry"],"acf":[],"jetpack_shortlink":"https:\/\/wp.me\/P6Tpbo-7","jetpack-related-posts":[],"jetpack_sharing_enabled":true,"_links":{"self":[{"href":"https:\/\/www.mike-hartung.de\/v2\/index.php?rest_route=\/wp\/v2\/pages\/7","targetHints":{"allow":["GET"]}}],"collection":[{"href":"https:\/\/www.mike-hartung.de\/v2\/index.php?rest_route=\/wp\/v2\/pages"}],"about":[{"href":"https:\/\/www.mike-hartung.de\/v2\/index.php?rest_route=\/wp\/v2\/types\/page"}],"author":[{"embeddable":true,"href":"https:\/\/www.mike-hartung.de\/v2\/index.php?rest_route=\/wp\/v2\/users\/3"}],"replies":[{"embeddable":true,"href":"https:\/\/www.mike-hartung.de\/v2\/index.php?rest_route=%2Fwp%2Fv2%2Fcomments&post=7"}],"version-history":[{"count":8,"href":"https:\/\/www.mike-hartung.de\/v2\/index.php?rest_route=\/wp\/v2\/pages\/7\/revisions"}],"predecessor-version":[{"id":565,"href":"https:\/\/www.mike-hartung.de\/v2\/index.php?rest_route=\/wp\/v2\/pages\/7\/revisions\/565"}],"wp:attachment":[{"href":"https:\/\/www.mike-hartung.de\/v2\/index.php?rest_route=%2Fwp%2Fv2%2Fmedia&parent=7"}],"curies":[{"name":"wp","href":"https:\/\/api.w.org\/{rel}","templated":true}]}}