{"id":299,"date":"2015-11-03T14:00:08","date_gmt":"2015-11-03T13:00:08","guid":{"rendered":"http:\/\/www.mike-hartung.de\/v2\/?page_id=299"},"modified":"2016-01-06T15:54:24","modified_gmt":"2016-01-06T14:54:24","slug":"schirme","status":"publish","type":"page","link":"https:\/\/www.mike-hartung.de\/v2\/?page_id=299","title":{"rendered":"Schirme"},"content":{"rendered":"<p><a href=\"http:\/\/www.mike-hartung.de\/v2\/wp-content\/uploads\/2015\/11\/819lMRdeWVL._SX466_.jpg\"><img loading=\"lazy\" decoding=\"async\" data-attachment-id=\"325\" data-permalink=\"https:\/\/www.mike-hartung.de\/v2\/?attachment_id=325\" data-orig-file=\"https:\/\/www.mike-hartung.de\/v2\/wp-content\/uploads\/2015\/11\/819lMRdeWVL._SX466_.jpg\" data-orig-size=\"466,311\" data-comments-opened=\"0\" data-image-meta=\"{&quot;aperture&quot;:&quot;0&quot;,&quot;credit&quot;:&quot;&quot;,&quot;camera&quot;:&quot;&quot;,&quot;caption&quot;:&quot;&quot;,&quot;created_timestamp&quot;:&quot;0&quot;,&quot;copyright&quot;:&quot;&quot;,&quot;focal_length&quot;:&quot;0&quot;,&quot;iso&quot;:&quot;0&quot;,&quot;shutter_speed&quot;:&quot;0&quot;,&quot;title&quot;:&quot;&quot;,&quot;orientation&quot;:&quot;0&quot;}\" data-image-title=\"Sonnenschirme\" data-image-description=\"\" data-image-caption=\"\" data-medium-file=\"https:\/\/www.mike-hartung.de\/v2\/wp-content\/uploads\/2015\/11\/819lMRdeWVL._SX466_-300x200.jpg\" data-large-file=\"https:\/\/www.mike-hartung.de\/v2\/wp-content\/uploads\/2015\/11\/819lMRdeWVL._SX466_.jpg\" class=\"alignnone wp-image-325 aligncenter\" src=\"http:\/\/www.mike-hartung.de\/v2\/wp-content\/uploads\/2015\/11\/819lMRdeWVL._SX466_-300x200.jpg\" alt=\"819lMRdeWVL._SX466_\" width=\"535\" height=\"356\" srcset=\"https:\/\/www.mike-hartung.de\/v2\/wp-content\/uploads\/2015\/11\/819lMRdeWVL._SX466_-300x200.jpg 300w, https:\/\/www.mike-hartung.de\/v2\/wp-content\/uploads\/2015\/11\/819lMRdeWVL._SX466_-225x150.jpg 225w, https:\/\/www.mike-hartung.de\/v2\/wp-content\/uploads\/2015\/11\/819lMRdeWVL._SX466_-150x100.jpg 150w, https:\/\/www.mike-hartung.de\/v2\/wp-content\/uploads\/2015\/11\/819lMRdeWVL._SX466_.jpg 466w\" sizes=\"auto, (max-width: 535px) 100vw, 535px\" \/><\/a><\/p>\n<h1 style=\"text-align: center;\"><span style=\"text-decoration: underline;\"><strong><span style=\"color: #008000; text-decoration: underline;\">Marktschirm<\/span><\/strong><\/span><\/h1>\n<h5 style=\"text-align: center;\">Longlife Stoff (Wasserdicht)<\/h5>\n<h5 style=\"text-align: center;\">H\u00f6he 2,80m<\/h5>\n<h5 style=\"text-align: center;\">Spannweite 4,00m<\/h5>\n<h5 style=\"text-align: center;\">mit St\u00e4nderwerk f\u00fcr Waschbetonplatten<\/h5>\n<h5 style=\"text-align: center;\">Es stehen 2 St\u00fcck zur Verf\u00fcgung<\/h5>\n<h5 style=\"text-align: center;\"><em><strong>Mietpreis pro St\u00fcck 20,00 Euro\/Wochenende<\/strong><\/em><\/h5>\n<h5 style=\"text-align: center;\"><em><strong>Beide Schirme 35,00 Euro\/Wochenende<\/strong><\/em><\/h5>\n<h5 style=\"text-align: center;\">Waschbetonplatten sind im Mietpreis nicht enthalten<\/h5>\n<h5 style=\"text-align: center;\">Diese k\u00f6nnen f\u00fcr 0,50 \u20ac\/St\u00fcck dazu gemietet werden<\/h5>\n<h1 style=\"text-align: center;\"><span style=\"color: #ff0000;\">0179-5566553<\/span><\/h1>\n<p>&nbsp;<\/p>\n<p>&nbsp;<\/p>\n","protected":false},"excerpt":{"rendered":"<p>Marktschirm Longlife Stoff (Wasserdicht) H\u00f6he 2,80m Spannweite 4,00m mit St\u00e4nderwerk f\u00fcr Waschbetonplatten Es stehen 2 St\u00fcck zur Verf\u00fcgung Mietpreis pro St\u00fcck 20,00 Euro\/Wochenende Beide Schirme 35,00 Euro\/Wochenende Waschbetonplatten sind im Mietpreis nicht enthalten Diese k\u00f6nnen f\u00fcr 0,50 \u20ac\/St\u00fcck dazu gemietet werden 0179-5566553 &nbsp; &nbsp;<\/p>\n<p class=\"continue-reading-button\"> <a class=\"continue-reading-link\" href=\"https:\/\/www.mike-hartung.de\/v2\/?page_id=299\">Mehr lesen<i class=\"crycon-right-dir\"><\/i><\/a><\/p>\n","protected":false},"author":3,"featured_media":0,"parent":0,"menu_order":0,"comment_status":"closed","ping_status":"closed","template":"","meta":{"_acf_changed":false,"ngg_post_thumbnail":0,"jetpack_post_was_ever_published":false,"footnotes":""},"class_list":["post-299","page","type-page","status-publish","hentry"],"acf":[],"jetpack_shortlink":"https:\/\/wp.me\/P6Tpbo-4P","jetpack-related-posts":[],"jetpack_sharing_enabled":true,"_links":{"self":[{"href":"https:\/\/www.mike-hartung.de\/v2\/index.php?rest_route=\/wp\/v2\/pages\/299","targetHints":{"allow":["GET"]}}],"collection":[{"href":"https:\/\/www.mike-hartung.de\/v2\/index.php?rest_route=\/wp\/v2\/pages"}],"about":[{"href":"https:\/\/www.mike-hartung.de\/v2\/index.php?rest_route=\/wp\/v2\/types\/page"}],"author":[{"embeddable":true,"href":"https:\/\/www.mike-hartung.de\/v2\/index.php?rest_route=\/wp\/v2\/users\/3"}],"replies":[{"embeddable":true,"href":"https:\/\/www.mike-hartung.de\/v2\/index.php?rest_route=%2Fwp%2Fv2%2Fcomments&post=299"}],"version-history":[{"count":6,"href":"https:\/\/www.mike-hartung.de\/v2\/index.php?rest_route=\/wp\/v2\/pages\/299\/revisions"}],"predecessor-version":[{"id":356,"href":"https:\/\/www.mike-hartung.de\/v2\/index.php?rest_route=\/wp\/v2\/pages\/299\/revisions\/356"}],"wp:attachment":[{"href":"https:\/\/www.mike-hartung.de\/v2\/index.php?rest_route=%2Fwp%2Fv2%2Fmedia&parent=299"}],"curies":[{"name":"wp","href":"https:\/\/api.w.org\/{rel}","templated":true}]}}